{"id":439,"date":"2023-05-20T16:29:19","date_gmt":"2023-05-20T09:29:19","guid":{"rendered":"https:\/\/ladigi.vn\/t\/?page_id=439"},"modified":"2023-07-04T17:24:57","modified_gmt":"2023-07-04T10:24:57","slug":"huong-dan-lay-code-1","status":"publish","type":"page","link":"https:\/\/ladigi.vn\/t\/huong-dan-lay-code-1\/","title":{"rendered":"H\u01b0\u1edbng d\u1eabn l\u1ea5y CODE #1"},"content":{"rendered":"        <div class=\"spin-content\"><div style=\"width:1200px; margin-left:100px;\">\r\n<!-- wp:html -->\r\n<h2 style=\"text-align: center;\">H\u01af\u1edaNG D\u1eaaN L\u1ea4Y CODE GI\u1ea2I N\u00c9N<\/h2>\r\n<p>B\u01b0\u1edbc 1: COPY t\u1eeb kh\u00f3a b\u00ean d\u01b0\u1edbi (ho\u1eb7c t\u1ef1 ghi nh\u1edb)<\/p>\r\n<pre><strong>d\u1ecbch v\u1ee5 seo website<\/strong><\/pre>\r\n<p>B\u01b0\u1edbc 2: V\u00e0o google.com.vn v\u00e0 t\u00ecm t\u1eeb kh\u00f3a.<\/p>\r\n<p>Sau \u0111\u00f3 nh\u1ea5p v\u00e0o k\u1ebft qu\u1ea3 c\u1ee7a trang: <strong style=\"color: blue;\">ladigi.vn<\/strong><\/p>\r\n<p><strong>(L\u01b0u \u00fd: H\u00e3y di chuy\u1ec3n ch\u1eadm \u0111\u1ec3 quan s\u00e1t k\u1ef9)<\/strong><\/p>\r\n<img decoding=\"async\" class=\"aligncenter size-full wp-image-7093\" src=\"https:\/\/phimchieurapquocgia.com\/wp-content\/uploads\/2025\/08\/dich-vu-seo-user-ladigi-t8-2025.jpg\" alt=\"\" title=\"\">\r\n<!-- \/wp:html -->\r\n<\/div><\/div>\r\n        \n","protected":false},"excerpt":{"rendered":"","protected":false},"author":1,"featured_media":0,"parent":0,"menu_order":0,"comment_status":"closed","ping_status":"closed","template":"elementor_header_footer","meta":{"footnotes":""},"class_list":["post-439","page","type-page","status-publish","hentry"],"_links":{"self":[{"href":"https:\/\/ladigi.vn\/t\/wp-json\/wp\/v2\/pages\/439","targetHints":{"allow":["GET"]}}],"collection":[{"href":"https:\/\/ladigi.vn\/t\/wp-json\/wp\/v2\/pages"}],"about":[{"href":"https:\/\/ladigi.vn\/t\/wp-json\/wp\/v2\/types\/page"}],"author":[{"embeddable":true,"href":"https:\/\/ladigi.vn\/t\/wp-json\/wp\/v2\/users\/1"}],"replies":[{"embeddable":true,"href":"https:\/\/ladigi.vn\/t\/wp-json\/wp\/v2\/comments?post=439"}],"version-history":[{"count":0,"href":"https:\/\/ladigi.vn\/t\/wp-json\/wp\/v2\/pages\/439\/revisions"}],"wp:attachment":[{"href":"https:\/\/ladigi.vn\/t\/wp-json\/wp\/v2\/media?parent=439"}],"curies":[{"name":"wp","href":"https:\/\/api.w.org\/{rel}","templated":true}]}}